(x) = 3*x**2 + 7*x + 16. What is the hundreds digit of i(b)?
1
Let y = 26 - 22. Suppose b - 42 = -y*u + 25, 4*b - 4*u = 188. What is the units digit of b?
1
Let c(u) = u**3 - u**2 - 8*u + 10. Let a be c(5). Suppose a + 130 = 4*p. What is the units digit of p?
0
Let l be (-1 - 1) + 6/1. Suppose 4*n + 20 = 0, 212 = 2*r - 2*n + l*n. Suppose 5*p = r + 59. What is the tens digit of p?
3
Let o(z) = -z**2 + 7*z + 2. Let k(w) = w**2 - 3*w - 3. Let c be k(-3). Suppose c = 2*x + 5. What is the tens digit of o(x)?
1
Let k = -753 + 1088. Suppose 0*l - 5*l = -k. What is the tens digit of l?
6
Let l(o) = o**2 + o + 2. Let p = 0 + 0. Let d be l(p). What is the units digit of -7*-1*(-1 + d)?
7
Let l(i) = -2*i**2 - i - 2. Let f be l(-1). Let b be 2 + 1 - (f - -6). Suppose 87 = 3*q + 4*w, -4*q + 2*w = -b*q - 116. What is the tens digit of q?
2
Suppose -12*q = -5*q - 427. What is the units digit of q?
1
Let l be 30/12*(-6)/(-5). Suppose 3 = -l*y - 12, 103 = 2*h + y. What is the tens digit of h?
5
Suppose -2*l + 4*b + 26 = 0, 3*b + 2*b + 40 = 4*l. Suppose 0 = l*t - 12*t. Suppose -2*r + 51 - 5 = t. What is the tens digit of r?
2
What is the units digit of (2020/6)/((-17)/(-3) - 5)?
5
Let z(b) = 3*b + 5 - 15 + 0*b. Suppose 0 = 4*o - 26 - 26. What is the tens digit of z(o)?
2
Suppose j + 0 = -9. Let i be (-90)/27*j/2. Suppose -i = -5*r + 45. What is the tens digit of r?
1
What is the tens digit of (-1)/(-3) - (-4 + (-11730)/45)?
6
Suppose 5*w - 4*u = 12, -4*w - 4 = u - 1. Suppose h + 19 = 4*l + 282, h + 3*l - 298 = w. What is the tens digit of h?
8
Let p = 64 + -39. Suppose -d - p = -58. What is the units digit of d?
3
Suppose 3*q = -0*q + 12. Suppose q*y - 128 = -32. Suppose -8*p = -6*p - y. What is the units digit of p?
2
Let z be (-8)/(-3 - -1) - 2 - 71. Let p = 127 + z. What is the units digit of p?
8
Let n be (-2 - 0)/((-2)/13). Suppose -i - i - 10 = 0, -42 = -3*d + 3*i. Suppose -w + d + n = 0. What is the tens digit of w?
2
Let f(c) = 2*c**2 + 4*c + 4. Let s be f(-4). Suppose 10 + s = 3*l. Suppose 5*x - 3*x = -3*o + 5, -2*x = l. What is the units digit of o?
5
Suppose 4*o - 3*h + 8*h + 71 = 0, -h - 91 = 4*o. Let b = 98 + o. What is the units digit of b?
4
Let k be (-588)/(-35)*(-20)/(-6). Let n = -6 + k. What is the units digit of n?
0
Suppose k - 79 = 29. Let q = -49 + k. What is the tens digit of q?
5
Let k be 5/(5/(-4)) + -16. Let c be (-348)/k - (-3)/5. Let b(j) = -j**3 + 18*j**2 + j + 18. What is the units digit of b(c)?
6
Let p = 6357 - 2789. What is the units digit of p?
8
Let q = -204 + 49. Let j = -128 - q. What is the tens digit of j?
2
Suppose -6*s - 157 = -p - s, 0 = 2*p - s - 305. Suppose 3*b + 4*g + p = 5*b, 0 = -4*g + 8. What is the tens digit of b?
8
Let c(p) = p. Let i be c(12). Let n be 9/(-3) - i/(-2). What is the units digit of (-3)/(n/(-2) - 0)?
2
Suppose 3*i - 1531 = 1391. What is the tens digit of i?
7
Let u(l) = 17*l**2 + 9*l. Let r(x) = -25*x**2 - 13*x. Let f(s) = -5*r(s) - 7*u(s). Suppose 0*a - 6 = 3*a. What is the tens digit of f(a)?
2
Suppose -3*q + 4*g - 12 = 0, -7 = 2*q - 5*g + 8. Suppose q = 3*s - 8*s + 360. What is the tens digit of s?
7
What is the units digit of 4/(-18) + (20845/45 - 5)?
8
Let y be (16/(-3))/((-16)/24). Let q = y - -4. What is the tens digit of q?
1
Let j = -42 - -1769. What is the tens digit of j?
2
Let a(g) be the third derivative of g**4/24 - 4*g**3/3 + g**2. Let y be a(8). Suppose c + y*c = 25. What is the units digit of c?
5
Let t be (-13)/(-4) - (-6)/8. Suppose p + t*p - 345 = 0. What is the tens digit of p?
6
Let n be (2*-1)/(14/147). Let m = 23 + n. What is the units digit of (-2106)/(-36) - m/4?
8
Suppose -2 + 6 = 4*a. What is the tens digit of (a - (5 + -3))*11*-3?
3
Suppose 8 = 2*p, i - 34*p - 6167 = -29*p. What is the thousands digit of i?
6
Let c(w) = 33*w + 0 + 5 - 34*w. Let q = -2 - 4. What is the tens digit of c(q)?
1
Suppose x + 6 = 3, -3*x - 24 = -5*w. Suppose -w*z + 12 = -3. Suppose -5*a = -z, 3*d = 6*a - a + 4. What is the units digit of d?
3
Suppose 90*z - 86*z = 1408. What is the hundreds digit of z?
3
Let b = 458 - 216. What is the tens digit of b?
4
Let b(z) = -z**3 - 36*z**2 + 91*z - 70. What is the tens digit of b(-39)?
4
Suppose 16426 = -6*q + 40786. What is the thousands digit of q?
4
Let c(s) = -84*s - 12. What is the hundreds digit of c(-4)?
3
Let p be -2 + 2 + (17 - 11). Let x(v) = -v**2 + 6*v + 4. Let m be x(p). Suppose 0 = m*d - 2*d - 4. What is the units digit of d?
2
Suppose 24*y = 52848 + 5616. What is the thousands digit of y?
2
Let w(x) = -28*x + 4. Let a be w(3). Suppose 0 = -0*y - 11*y + 1276. Let k = y + a. What is the tens digit of k?
3
Let r be (-6)/39 + 1 + (-9978)/39. Let t = r - -468. What is the tens digit of t?
1
Suppose -65 + 1 = 5*c - 3*x, 0 = -5*c - 5*x - 40. Let b = c + 178. What is the tens digit of b?
6
Suppose 0 = 5*w - 2*c + 220, -3*c + 18 = w + 62. Let r = 270 + w. What is the hundreds digit of r?
2
Let g(k) = -95*k + 35. What is the tens digit of g(-2)?
2
Let f(p) = p**3 - 8*p**2 - 15*p + 4. Let m(a) = a**2 + a + 10. Let j be m(0). What is the tens digit of f(j)?
5
Let y(h) = 95*h**2 + 18*h + 13. What is the tens digit of y(-2)?
5
Suppose -p = 5*h - 10, 3*h = p + 9 - 3. Suppose -3*t = 3*w - 198, -2*t + 0*w - 5*w + 135 = p. What is the tens digit of t?
6
Let j(t) = -38*t**3 - 3*t**2 - 21*t - 8. What is the thousands digit of j(-5)?
4
Let s = -237 + -98. Let i be s/5 + -3 + 2. Let j = i - -110. What is the tens digit of j?
4
Let y(x) = -x**3 - 16*x**2 - 5*x - 345. What is the tens digit of y(-18)?
9
Suppose 0 = s - 6 - 5. Let w(y) = -y**2 + 11*y + 8. What is the units digit of w(s)?
8
Let y(p) = -177*p. Let h = 46 + -47. What is the units digit of y(h)?
7
Suppose -b - 3*b + 359 = -5*h, 3*b - 3*h - 270 = 0. Let i = b + 26. Suppose -i = -5*p + y, -2*y = -2*p - 2*p + 96. What is the tens digit of p?
2
Suppose -5*w + 395 = -105. What is the hundreds digit of w?
1
Suppose -51 = -y - 44. Let n(t) = 2*t**2 - 13*t + 20. What is the units digit of n(y)?
7
Suppose 6*v = 21*v - 6375. What is the tens digit of v?
2
Suppose -2*j = h - 109, -80 - 83 = -3*j - h. Let z = -15 + j. What is the tens digit of z?
3
Let s be 2 - 54 - ((1 - 2) + 0). Let w = -37 - s. What is the units digit of w?
4
Suppose 0 = 2*h - 11 - 21. Let v = h + 25. What is the tens digit of v?
4
Let t = -223 + 369. What is the units digit of (t/4)/((-18)/12 + 2)?
3
Let h(p) be the second derivative of 73*p**4/6 - p**3/3 + 29*p. What is the hundreds digit of h(1)?
1
Let a(f) = 23*f - 5. Let t(i) = -4*i - 2. Let v be t(-1). What is the tens digit of a(v)?
4
Let s(k) = -k + 91. What is the units digit of s(16)?
5
Let m(h) = -h + 6. Let u be m(4). Let z = -67 + 184. Suppose -4*l + 2*w + 106 = 0, 3*l - z = u*w - 40. What is the tens digit of l?
2
Let n = -149 - -232. Suppose -3*c + n + 250 = 0. What is the hundreds digit of c?
1
Let n be (-1)/(2/(-6)) + 127. Let l = -57 + n. What is the units digit of l?
3
Let p(o) = 19*o**3 - 10*o**2 - 12*o - 6. Let x(y) = -20*y**3 + 11*y**2 + 12*y + 7. Let m(b) = -4*p(b) - 3*x(b). What is the units digit of m(-2)?
5
Suppose 42*l - 7*l = 49875. What is the thousands digit of l?
1
Let h(p) = -1083*p - 29. What is the hundreds digit of h(-3)?
2
Suppose -5*p + 158 = 603. Let l = p + 202. Suppose -3*x + 103 = u, -2*u = 3*x - l + 6. What is the tens digit of x?
3
Let i(j) = -j - 2. Let h be i(-2). Suppose m + 3 - 1 = h. Let d(x) = -3*x**3 + 3*x**2 + x - 1. What is the tens digit of d(m)?
3
Let f(d) = -18*d + 202. What is the hundreds digit of f(-37)?
8
Suppose -3*h + 57 = 147. What is the tens digit of (-3)/(h/(-65))*-8?
5
Let p = 5 - 7. Let l = -6 - p. What is the units digit of 4/l*(-18 - 0)?
8
Suppose 4*m - 3*m = 13. Let n(x) = -x - 5. Let v be n(-14). Suppose d - v = m. What is the units digit of d?
2
Suppose 177452 = 23*g + 21*g. What is the hundreds digit of g?
0
Suppose 4*h - 6 = 10. Suppose -2*o - 2 = -h*o. Suppose -5*x - o + 111 = 0. What is the tens digit of x?
2
Let o = -3 - -6. Suppose -5*b = -2*b + 15, o*m - 2*b - 16 = 0. Suppose -2*z = -p + 34, m*z + 0 = -2. What is the units digit of p?
2
Let k = -70 + 75. What is the units digit of 3*(420/9)/k?
8
Let y(i) = -i**3 + 14*i**2 + 16*i - 8. Let w be y(15). Suppose w*x - 45 = 165. What is the units digit of x?
0
Le